). Let k = -121 - s. What is the units digit of k?
2
What is the units digit of -16*247/(-608)*14548/(-2 + 4)?
1
Let s be 4 + (-4)/2*6. Let n(u) = -u**2 - 2*u + 2. Let c be n(s). What is the tens digit of 6/(-9)*-3*(0 - c)?
9
Let c(o) = 23*o**2 + 21*o + 513. What is the tens digit of c(-13)?
2
Let w be (6 - 189/36)*1*-36. What is the units digit of -21*-2*(w/(-6) - 4)?
1
Let b(q) = 15*q - 27. Let u(f) = 5*f - 3 - 1 + 0*f. Let p be u(2). What is the units digit of b(p)?
3
Suppose -4*r = 14 - 38, 4*v = -5*r + 36650. What is the tens digit of v?
5
Suppose 1059 - 6774 = -5*n. Let i = 2502 - n. What is the units digit of i?
9
Suppose -f + 1376 + 3039 = 3*s, -4*f = 4*s - 17652. What is the units digit of f?
2
Suppose 4*r - 6123 = -6071. What is the tens digit of r?
1
Let v(h) = 28*h**3 - 9*h**2 + 83*h - 9. What is the hundreds digit of v(8)?
4
Let n = 2182 + 7516. Suppose -18*g + 17464 = -n. What is the tens digit of g?
0
What is the hundreds digit of (80/(-8))/((-1 + -1)/260)?
3
Suppose -5*b = -235 - 1785. Suppose 3*l = b + 532. What is the tens digit of l?
1
Let g = 298 + -296. What is the tens digit of ((-21)/((-56)/8))/(g/364)?
4
Suppose x - 2 = 0, 20*x = -j + 11*x + 11151. What is the ten thousands digit of j?
1
Suppose -5*z + s + 11 = 19, 4*z + 6 = s. Let d(o) = -36*o**3 - 6*o**2 - 9*o. What is the units digit of d(z)?
2
Suppose -56 = -25*l + 18*l. What is the units digit of (409 - 0) + (7 - l - 2)?
6
Let j = 36463 + -25012. What is the tens digit of j?
5
Let v(x) = 18*x - 158. Let r be v(9). Suppose -21*w + 4*c = -16*w - 3189, -4*c = r. What is the units digit of w?
7
Let l be (231/(-28))/((-6)/584). Let q = l - 327. What is the tens digit of q?
7
Suppose -3*x = x. Let o(g) = -g + 77. Let u(m) = 2*m - 45. Let t(h) = 7*o(h) + 6*u(h). What is the units digit of t(x)?
9
Let p(v) = v**3 + 7*v**2 + 4*v + 10802. What is the hundreds digit of p(0)?
8
Let o = 23 - 23. Suppose -f = -4*t - 9, o = -f - 6*t + t. Suppose -5*c + 630 = f*c. What is the units digit of c?
3
Let t(o) = -64*o - 23 - 14*o - 205 + 43. What is the units digit of t(-25)?
5
Let t(i) = 54*i - 145. Let s be t(27). Suppose 7*m - 5093 = -s. What is the tens digit of m?
4
Let w(p) = p**3 + 9*p**2 - p - 9. Let o be w(-9). Suppose 4*t - 15 + 3 = o. Suppose 4*g - t*g - 70 = 0. What is the tens digit of g?
7
Suppose -435 = -r + 2*o - 3*o, -o = 2*r - 871. Suppose 21*t = 20*t + r. What is the units digit of t?
6
Suppose 130 = 2*d + 2*t, 5*t + 84 = 2*d - 32. Let j = d - 68. What is the units digit of ((-328)/(-10))/((-2)/j)?
2
Suppose -2*p + 2*k + 57582 = -18768, -p - 3*k = -38167. What is the hundreds digit of p?
1
Let j(b) = -54*b - 49. Let n be j(-7). Suppose -a + 201 = -2*x + 41, 2*a - n = x. What is the tens digit of a?
6
Let r be (-2)/(-10) - (-22)/(-10). What is the tens digit of r/1*1362/(-12)?
2
Suppose 0 = -31*o + 23*o + 36816. Suppose -8*h - 1314 = -o. What is the hundreds digit of h?
4
What is the units digit of (-2 + 1 - 1) + (-11)/(264/(-167184))?
4
Suppose -2*c + 8371 + 15077 = 5*z, -4*c = z - 4668. What is the thousands digit of z?
4
Let q(n) = 48*n**2 + 25*n - 23. Let r be q(1). Suppose -8068 = -r*w + 19932. What is the tens digit of w?
6
Let q be 1/2 - 584/16. Let u be (-3 - 0)*q/27. Suppose -u*i + 47 + 153 = 0. What is the units digit of i?
0
Let n(v) = -v**2 - 16*v - 43. Let w be n(-4). Suppose 0 = -5*l - 2*y + 6203, -3 = 8*y - w*y. What is the units digit of l?
1
Let b be (-34)/(-85) + 48/5. Let d(p) = 2*p**3 - 8*p**2 - 14*p - 50. What is the thousands digit of d(b)?
1
Suppose 0 = 2*v - 3*b - 42418, 5*v - 275*b - 106066 = -278*b. What is the thousands digit of v?
1
Let h(s) = 10*s - 2100. Let o be h(0). Let r = -927 - o. What is the tens digit of r?
7
Suppose -33*f + 53396 = -30*f + 2*h, -71188 = -4*f - h. What is the tens digit of f?
9
Let q(h) be the first derivative of 21*h**2/2 - 38*h - 26. What is the hundreds digit of q(9)?
1
Let c be ((-25)/(-15))/(10/12). Let s(a) be the third derivative of 14*a**4/3 - 3*a**2 - 10*a. What is the units digit of s(c)?
4
What is the units digit of ((-1667)/3)/((-2)/24) + 7?
5
Suppose 43*b - 233*b + 3473959 + 664431 = 0. What is the tens digit of b?
8
Let u(m) = -602*m - 954. What is the units digit of u(-8)?
2
Let t(s) = 2086*s**2 + 42*s + 113. What is the units digit of t(-3)?
1
What is the tens digit of (939300/825)/((-4)/(-22))?
6
Let y be (0/2)/(4 - 7). Suppose -5*b + 37 + 3 = y. Suppose 4*i - b = 40. What is the tens digit of i?
1
Suppose -11*k + 697 = 1698. Let j = 160 - 54. Let z = k + j. What is the units digit of z?
5
Let l = 20377 + 5265. What is the units digit of l?
2
Let h = 27981 - 2086. What is the units digit of h?
5
Let l be 460/(-75) + 2/15. Let o(q) = -2*q**2 - q - 1. Let u be o(l). Let c = u + 92. What is the tens digit of c?
2
Let x = 2438 - -6824. What is the thousands digit of x?
9
Let d(h) = 3*h + 2. Suppose -8*x + 8 = -4*x. Suppose -x*g + 0*g + 8 = 0. What is the units digit of d(g)?
4
Suppose 1 = i + 3, 14 = 4*f + i. Suppose 1505 + 1368 = 5*t + m, 2*t = -f*m + 1142. What is the units digit of t?
5
Let l be ((-6)/(-9))/(2/(-9)). Let w = l - -13. Let z = 8 + w. What is the units digit of z?
8
Let i(v) be the third derivative of -v**6/120 - v**5/12 - 36*v**2. Let w be i(-7). Let y = -18 + w. What is the units digit of y?
0
Suppose 2*f + 77 = 75, -4*f = -2*k + 4888. What is the thousands digit of k?
2
Let a(t) = -145*t - 1220. What is the tens digit of a(-84)?
6
Suppose -3*x + 16556 = -2*t, -x - t = 3*t - 5528. Suppose -5*z + 0*n - 5*n = -x, 1116 = z - 5*n. What is the thousands digit of z?
1
Suppose 0 = 2*n - 93 - 341. Let p = n - 56. Suppose 4*u + f - 160 = p, 5*f - 405 = -5*u. What is the units digit of u?
0
Let w(f) = -3*f**2 - 15*f - 17. Let o(y) = -y + 7. Let s be o(10). Let z(v) = -v**2 - 7*v - 8. Let g(d) = s*w(d) + 5*z(d). What is the tens digit of g(-8)?
8
Let w be (-1)/((1/5)/((-24)/10)). Let u = w - 14. What is the tens digit of 33/((-5)/3 - u)?
9
Let u(w) be the first derivative of w**4/4 - 3*w**3 + w**2 - 16*w + 16. Let v be u(9). Suppose v*t - 54 = -o + 3*o, 17 = t + o. What is the units digit of t?
2
Suppose -19*u - 1276 = -15*u. Let a = 592 + u. What is the hundreds digit of a?
2
What is the tens digit of 1889 + 14/(56/(-36))?
8
Suppose -4*b - 2*v = -72064, b + 2*v = v + 18018. What is the tens digit of b?
1
Suppose -28*j + 268 = 100. What is the units digit of 2846/j - -13*(-2)/78?
4
Suppose -11*b + 8*b = -45. Suppose -2*a + 10 = 3*m - b, 45 = 5*a + 4*m. Let s(d) = d**2. What is the units digit of s(a)?
5
Let x(s) = 28*s + 79. Let w be x(-3). Let z(d) = -16*d**3 - 7*d**2 + 3*d + 40. What is the tens digit of z(w)?
5
Let r(y) be the second derivative of 15*y**4/2 + 11*y**3/6 + y**2 + 52*y. What is the units digit of r(-3)?
9
Let l(a) = -a + 25*a + 30*a - 3 + 9 + 0*a. What is the units digit of l(10)?
6
Let w(m) = 1853*m + 14. Let q be w(1). Let y = q - 1110. What is the hundreds digit of y?
7
What is the units digit of (-5957055)/(-130) + 2*5/(-20)?
3
Let l(o) = 6*o**2 + 9*o + 14 + 0*o**2 - 2. Let s(f) = -5*f**3 - f**2 + 1. Let i be s(1). What is the units digit of l(i)?
7
What is the hundreds digit of 14*20/(-70) + (33054 - 1) + -3?
0
Suppose 11*k - 49432 = -5124. What is the units digit of k?
8
Suppose 4*a - 348 = -4*p, 296 = -2*a + 5*a - 4*p. Let y = -2 - -4. Suppose -4*w - a = -2*g, -y*g = 3*g - 4*w - 260. What is the units digit of g?
6
Suppose -56*p = -55*p. Suppose 6*t + 3*t - 4833 = p. What is the tens digit of t?
3
Let p(w) = w**2 - 9*w + 25. Let v be p(5). Suppose v*d - g = d + 368, 5*d + 4*g = 460. Let h = d + -50. What is the tens digit of h?
4
What is the thousands digit of 2 + (-1 - (10 - 9 - 5953))?
5
Suppose 0*n = -n + 35. Suppose -n = -4*g - 7. Suppose -5*i + g = 2*s - 13, 5*s = 4*i - 49. What is the units digit of i?
6
Suppose -y - 5*n + 521 = 0, -3*y - 100 + 1649 = n. Let h = y - -188. What is the hundreds digit of h?
7
Let d(g) = -92*g + 5. Let j = 31 - 20. Let v(z) = 460*z - 25. Let w(s) = j*d(s) + 2*v(s). What is the units digit of w(-1)?
7
Let l be 3/(-9) - (1168/12)/(-4). Suppose -o = -4*a + a + l, 68 = -4*o - 2*a. Let h = o + 40. What is the units digit of h?
2
Suppose -8*b - 940 = 60. Let f = 131 + b. Suppose 220 = -5*u + f*u. What is the units digit of u?
0
Suppose 